l = 32 - f. Suppose 3*o + 6994 = 5*k - 3481, l = 3*o. Is k prime?
False
Suppose 100809 + 72475 = 2*l - 2*p, 4*p = -20. Is l composite?
True
Let w(j) = 15309*j - 76. Is w(3) a composite number?
True
Suppose 3*f = -5*k + 498779, -15*f + 4*k = -19*f + 665036. Is 30/(-240) - f/(-16) prime?
True
Let x(r) be the first derivative of r**4 + 4*r**3/3 - 2*r**2 - 5*r - 328. Let t = 15 - 9. Is x(t) prime?
False
Let z(n) = 57*n**2 + 11*n - 14. Let c be z(6). Suppose b - c = t, b - 2089 = -0*b - 2*t. Is b a prime number?
True
Let t(v) = -v**3 + 2*v**2 + 7*v - 10. Let j be t(3). Suppose -3*i + 487 = -j*y, 4*i + y - 648 = 3*y. Is i a prime number?
False
Is 4/(-34) + ((-4)/8)/((-17)/20983614) prime?
False
Let m be (1 - -11) + -26 + 19. Suppose -m*o + 7021 = g, -2*g + 14066 = -14*o + 12*o. Is g prime?
False
Suppose -70*u + 2024554 = -148576 - 2250660. Is u prime?
True
Let s(l) = -5*l**3 + 3*l**3 + 5*l**3 + 9*l + 6*l**2 - 8 - 2*l**3. Let v be s(-5). Is (v/8)/7*-4358 a prime number?
True
Let k(r) be the second derivative of 0*r**3 - 26*r - 1/20*r**5 + 0 - 1/12*r**4 + 95/2*r**2. Is k(0) prime?
False
Suppose 0 = -63*d + 11680141 - 1667992. Is d prime?
True
Suppose 0 = 4*l - 9*l - 55. Let d(n) = -22*n - 100. Let u(f) = 7*f + 33. Let i(x) = l*u(x) - 4*d(x). Is i(14) composite?
False
Suppose -11*f + 4*f = 0. Suppose 0 = 4*i - f*w + 4*w - 11256, 2*i - 5653 = 3*w. Is i a composite number?
False
Let y(i) = 1692*i + 67. Let t be (3/(3/(-2)))/(-1) - -4. Is y(t) a composite number?
True
Let d(j) = 5*j**3 + 12*j**2 + 10*j - 4. Is d(19) composite?
True
Suppose -6*p - 357937 - 335789 = -72*p. Is p a prime number?
False
Let j be -2 - 2*(-7662)/(-4)*-1. Suppose j = 6*w + w. Is w composite?
False
Let u(y) = 3516*y**2 - 20*y - 85. Is u(-4) composite?
True
Let r be -4 - (-2 + -1 + 2). Let y be 7946/(-8) - (-1)/(-12)*r. Let f = 62 - y. Is f composite?
True
Suppose k = 4*c - 1438784, 0*c + 5*k + 719356 = 2*c. Is c prime?
False
Let r(d) = 3*d**3 - 5*d**2 - 3*d + 835. Let u(s) = 4*s**3 - 6*s**2 - 4*s + 834. Let q(n) = 5*r(n) - 4*u(n). Is q(0) prime?
True
Let c be (-12 - -9) + 14820/2. Suppose 5*y - 37067 = -3*j, y + 3*j - c = 4*j. Is y a composite number?
False
Let g = -2214730 + 3406007. Is g composite?
False
Suppose 2*w = 18*a - 17*a - 351131, 5*w - 1755580 = -5*a. Is a a prime number?
True
Let g = 134552 + -73021. Is g composite?
True
Let t(v) = 60*v + 9. Suppose -2*k = -2*u + 15 + 7, -2*k + 14 = 4*u. Suppose 70 - 22 = u*h. Is t(h) composite?
True
Suppose 2*a - 8 = 2*d + 6, 5*a + 5 = -5*d. Suppose 0 = -a*u + 2446 - 319. Is u a composite number?
False
Let f(g) = 65*g**2 + 102*g + 42. Is f(11) prime?
True
Let i(k) be the third derivative of k**5/60 + k**4/24 + k**3/6 + 22*k**2. Let b be i(0). Is (b - 12/14) + 1068/21 prime?
False
Suppose -3*i + 58726 = 4*c, -7*c - 104*i = -108*i - 102715. Is c a composite number?
True
Let c = 39927 - 2216. Is c a composite number?
True
Suppose -21*v + 940127 - 175034 = 0. Is v composite?
False
Let i = -54 + 51. Let s be -8*(5 - 4)*i. Is 77492/s - (-3)/18 prime?
True
Let t(j) = -j + 4 - 29*j**2 + 17*j**2 + 11*j**2 + 0*j**3 + 7*j**2 - 20*j**3. Is t(-5) composite?
False
Is 510/12*69674/55 a prime number?
False
Let k = 117597 - 48940. Is k composite?
True
Suppose 1588 = g - 12456. Let d = -4593 + g. Is d composite?
True
Let h = -20940 + 39991. Is h prime?
True
Let p(u) = 19989*u + 98. Is p(5) a prime number?
True
Suppose 0 = 7*s - 7715 - 34198 - 11924. Is s prime?
True
Suppose 0 = o + 2*n - 188853, -69*n = -o - 65*n + 188901. Is o a composite number?
False
Let a(y) = -17*y**2 - 3*y - 3. Let t be a(-2). Let z be 3*(-28)/(-6) - (15 + -19)/(-4). Is 2641/z + ((-55)/t - 1) prime?
False
Suppose -2445013 + 710074 - 5180474 = -17*a. Is a composite?
False
Let l = -52051 - -138184. Is l composite?
True
Let c(w) = 3*w**2 - 2*w - 2. Let r be c(-1). Suppose -2*p = -r*p - p. Let m(o) = o**3 + 1117. Is m(p) prime?
True
Suppose 3*k - 715768 = v, -4*v + 954384 = 17*k - 13*k. Is k prime?
True
Let u(s) = 94*s**2 + 117*s - 227. Is u(-34) a prime number?
True
Let r(a) be the first derivative of 191*a**3 + 67*a**2 + 7*a - 1. Is r(-6) composite?
True
Let y = 7058 + -4757. Let l = -1332 + y. Is l + 5 + 9/(-3) prime?
True
Let b(q) = -q + 17. Let i be b(12). Suppose i*v - 9 = 266. Is v composite?
True
Let w be (-5 + 6)*-5*8/(-5). Let u = w + -4. Suppose -7*r + 2*r = 3*x - 5542, -u*x + 1105 = r. Is r composite?
False
Let m(q) = 383*q**2 + 2*q - 24. Let c be m(-6). Let b = c + -9169. Is b a prime number?
True
Is 2/14 - 40987/119*-1794 composite?
True
Let i be (-629635)/(-30) - (-1)/6. Is (2 + i/(-15))*(-5)/2 a composite number?
True
Suppose -4*k = -8*k + 2*x + 889162, 2*k + 5*x = 444575. Suppose -7*u = -17*u + k. Is u a composite number?
False
Let c(i) = 11064*i - 1015. Is c(3) a prime number?
False
Suppose -2*z + 3*r = 4182 + 708, -4*z = -2*r + 9788. Let s = -866 - z. Suppose 3*y = -4*u + s, 2*u = -0*y - y + 792. Is u a composite number?
False
Suppose -y = 2*q - 85377, 164*q - 256113 = -3*y + 167*q. Is y prime?
False
Let l = -26 + 31. Let h(d) = -29*d - 92 + l*d + 97. Is h(-12) a prime number?
True
Let z(y) = y. Let g be (-9)/2*((-5)/(-15) + -1). Let s be z(g). Suppose 0 = 8*u + s*u - 8107. Is u prime?
False
Let m be -8*((-5)/(-10)*7 + -5). Suppose -3*g = -m, -7*v = -3*v + 3*g - 23080. Is v a composite number?
True
Let i = 153548 - -4691. Is i prime?
False
Let l = 19228 + 43413. Is l a prime number?
False
Suppose 5*w = 4*l - 2009612, 7*w - 8*w + 1004778 = 2*l. Is l a composite number?
False
Suppose 6 - 1 = -5*u. Let h(t) = -9*t + 1. Let y be h(u). Let m(x) = x**3 - 11*x**2 + 15*x - 3. Is m(y) a composite number?
False
Suppose 6 + 2 = 4*x. Suppose -375 - 455 = 10*d. Is (d/x)/((-11)/22) prime?
True
Let y(r) = r**2 + 1. Let k(o) = 5*o**2 - 11*o + 20. Let u(n) = -k(n) + 4*y(n). Let w be u(9). Is (97/w)/((-3)/(-12)) prime?
False
Let o(i) = -5*i - 10 - i + 5*i. Let w be o(-10). Is 2166/2 - (w + -4) a prime number?
True
Suppose -4*u = -5*o - 32, -4*u - 4 + 8 = 2*o. Let j be (3*o/(-30))/(6/18465). Suppose 3*w = -3*g + j + 317, -2*w + 1067 = -5*g. Is w a prime number?
True
Suppose l = -5*h - 6, 5*h = 5*l + 2*h - 26. Let a be l + (-4 - -9)/(-5). Suppose -3*q = 3*s - 369, -a*q - 2*q + 623 = 3*s. Is q composite?
False
Is ((-1251858)/148)/((-3)/26) prime?
False
Is (10 - 11 - -251365) + 13 a composite number?
True
Let h = 9 - 6. Suppose -2*k = a + a, -h*a = 4*k + 5. Is (1 - a/2)*(-5636)/6 prime?
True
Let a(l) = -118437*l**3 - 3*l**2 - l + 3. Let d be a(-1). Suppose -12*c = -5*z - 13*c + d, 3*z - 71049 = 4*c. Is z a prime number?
True
Let o be 25/2*8/(-5). Is 257 + 0 - (-120)/o composite?
False
Let y = -7712 + 13653. Is y a composite number?
True
Is (7 - 12 - 3/(-6)*414742) + -4 composite?
True
Suppose 0 = 3*c + 9, 3*g - 152466 - 477054 = 2*c. Suppose 14*s - g - 298264 = 0. Is s a prime number?
True
Suppose 184 + 816 = -5*q. Let f be 1379/3 + (-6)/9. Let h = q + f. Is h a composite number?
True
Let w = -393 - -395. Suppose -93499 = -w*b - 19441. Is b composite?
True
Let q(n) be the third derivative of 6*n**6/5 - n**5/30 + n**4/8 - n**3/3 - n**2. Suppose 2*h - 7 = -5*h - 0*h. Is q(h) prime?
False
Let s(x) = -x**3 - x. Let z be s(1). Let t be z + 250 - (-10 + 9). Suppose 33*l = 30*l + t. Is l a composite number?
False
Let i be (14/(-5))/((-50)/68375). Is 8/12 + i/3 a prime number?
True
Let n(g) = 6*g + 225. Let b be n(-38). Suppose 2*l = -0*l. Is (4 + b + l + -2)*-1633 prime?
False
Suppose 215 - 167 = -16*i. Suppose 5*r + d - 5085 = 0, 213 = r - 5*d - 778. Is i/(-2)*r/12 composite?
False
Suppose 30*h - 316318 = 14072. Is h a composite number?
True
Suppose -u - 289462 = -2*i, 0 = -2*i - 19*u + 22*u + 289450. Is i a prime number?
False
Suppose 3*w + 6 = 0, 9 - 120 = 3*c + 3*w. Let q be ((-444)/7)/2*c. Let k = q + -755. Is k a prime number?
False
Suppose 0 = -2*k - k + 999. Let h(y) = y**3 + 14*y**2 + 19*y + 5. Let w be h(-7). Let r = k - w. Is r a composite number?
True
Suppose -4*n - 6809 = -3*l, 4*n - 11333 = -5*l + 3*n. Is l a prime number?
True
Suppose 76*g - 77*g = -4126. Is -1*(-4)/(2 - -2) + g a composite number?
False
Let r be 5/(-3)*(-27)/9. Suppose -i + 14 = 2*b + i, -3*b + 7 = -4*i. Suppose b*s = 5*k - 446 - 209, -673 = -r*k - s. Is k prime?
False
Suppose n + 0 - 7 = 0. Let u be ((-68